{"version":"1.0","provider_name":"GYEREKVIL\u00c1G","provider_url":"https:\/\/gyerekvilag.cafeblog.hu","author_name":"Hagym\u00e1sy OrSi","author_url":"https:\/\/gyerekvilag.cafeblog.hu\/author\/hagymasy_orsi-2-2-2-2\/","title":"PARTY","html":"<p align=\"center\"><a href=\"https:\/\/gyerekvilag.cafeblog.hu\/files\/2014\/10\/dreamstimefree_267705.jpg\"><img class=\"alignright size-thumbnail wp-image-1523\" src=\"https:\/\/gyerekvilag.cafeblog.hu\/files\/2014\/10\/dreamstimefree_267705-150x150.jpg\" alt=\"dreamstimefree_267705\" width=\"150\" height=\"150\" \/><\/a>PARTY<\/p>\r\n<p align=\"center\"><i>\u201eAz els\u0151 l\u00e9p\u00e9s, a megh\u00edv\u00f3\u2026 Ha a kiflis zacsk\u00f3b\u00f3l a gyerekek \u00e1ltal k\u00e9sz\u00edtett rajzos, kreat\u00edv alternat\u00edv\u00e1t v\u00e1lasztjuk, azon t\u00fal, hogy sz\u00f3ba ker\u00fcl az \u00fajrahasznos\u00edt\u00e1s, l\u00e9nyeges id\u0151megtakar\u00edt\u00e1shoz jutunk, melyet v\u00e9gre saj\u00e1t magunkra ford\u00edthatunk!\u201d<\/i><\/p>\r\n<p style=\"text-align: left\" align=\"center\">Hogy hallowenn ijeszt\u0151 vend\u00e9gsereg\u00e9r\u0151l, a pizsama party r\u00e9sztvev\u0151ir\u0151l vagy eg\u00e9sz egyszer\u0171en egy vas\u00e1rnapi eb\u00e9dr\u0151l van sz\u00f3, a l\u00e9nyegen nem v\u00e1ltoztat. <strong>A gyerekek im\u00e1dnak \u00fcnnepelni, t\u00e1rsas\u00e1gban lenni \u00e9s mindazt, ami az eff\u00e9le \u00f6sszej\u00f6vetelekkel j\u00e1r.<\/strong><\/p>\r\n<p style=\"text-align: left\">\u00c9rdemes el\u0151k\u00e9sz\u00fclni ezekre a nem mindennapi alkalmakra!<\/p>\r\nHa b\u00e1rki is arra gondolna, hogy mindennek s\u00falyos anyagi vonzata lenne, j\u00f3 h\u00edrem van, nem p\u00e9nzt\u00e1rca f\u00fcgg\u0151 a dolog. <strong>Az els\u0151 l\u00e9p\u00e9s, a megh\u00edv\u00f3.<\/strong> Kulcsfontoss\u00e1g\u00fa, el\u00e1rulja az \u00f6sszej\u00f6vetel t\u00e9m\u00e1j\u00e1t, egy\u00e9b hasznos inform\u00e1ci\u00f3k mellett, mint p\u00e9ld\u00e1ul, hely, id\u0151 stb. <strong>Ha a kiflis zacsk\u00f3b\u00f3l a gyerekek \u00e1ltal k\u00e9sz\u00edtett rajzos, kreat\u00edv alternat\u00edv\u00e1t v\u00e1lasztjuk, azon t\u00fal, hogy sz\u00f3ba ker\u00fcl az \u00fajrahasznos\u00edt\u00e1s, l\u00e9nyeges id\u0151megtakar\u00edt\u00e1shoz jutunk, melyet v\u00e9gre saj\u00e1t magunkra ford\u00edthatunk<\/strong>!\r\n\r\nA vend\u00e9gv\u00e1r\u00f3 finoms\u00e1gok sem jelentenek probl\u00e9m\u00e1t, a gyerekek \u00edzl\u00e9svil\u00e1ga rendk\u00edv\u00fcl egyszer\u0171, a sz\u00ednek, a form\u00e1k melyek egyediv\u00e9 var\u00e1zsolj\u00e1k a falatk\u00e1kat. Hiszen ne feledkezz\u00fcnk meg a finger food-r\u0151l, apr\u00f3cska, praktikus \u00e9s k\u00f6nnyen kivitelezhet\u0151. \u00a0A z\u00f6lds\u00e9g \u00e9s a gy\u00fcm\u00f6lcs term\u00e9szetesen a k\u00e9t f\u0151szerepl\u0151 \u00f6tletesen \u201eleplezve\u201d. \u00dagy gondolom, minden \u00e9desanya egyet\u00e9rt azzal, hogy <strong>eg\u00e9szs\u00e9ges, boldog gyerekeket szeretn\u00e9nk felnevelni<\/strong>.\r\n\r\n<strong>A dekor\u00e1ci\u00f3, szint\u00e9n egy kreat\u00edv r\u00e9sze a gyerekeknek sz\u00f3l\u00f3 rendezv\u00e9nynek<\/strong>. A legfontosabb hogy biztons\u00e1gos legyen, f\u00e9lret\u00e9ve a gyerty\u00e1k romantikus hangulat\u00e1t \u00e9s egy\u00e9b balesetvesz\u00e9lyes kieg\u00e9sz\u00edt\u0151ket. El ne feledkezz\u00fcnk egy- k\u00e9t tartal\u00e9k maszkr\u00f3l hallowen, farsang idej\u00e9n, valaki mindig otthon felejti az aktu\u00e1lis kell\u00e9ket.\r\n\r\nM\u00e9g egy apr\u00f3s\u00e1g, <strong>egy kedves kis eml\u00e9k, lehet az egy rajz, egy szimbolikus kis aj\u00e1nd\u00e9k a vend\u00e9gek r\u00e9sz\u00e9re<\/strong> - tortaform\u00e1ba rendezve ak\u00e1r asztald\u00edszk\u00e9nt is helyt\u00e1ll\u00f3 lehet \u2013 az \u00fcnneps\u00e9g v\u00e9g\u00e9n mindenki mag\u00e1val viheti \u00e9s saj\u00e1t otthon\u00e1ban felid\u00e9zheti a kellemes, k\u00f6z\u00f6sen elt\u00f6lt\u00f6tt perceket.\r\n\r\nParty? No problem, a mai anyuk\u00e1k mindenre fel vannak k\u00e9sz\u00fclve!\r\n\r\n&nbsp;\r\n\r\n<span style=\"color: black;line-height: 115%;font-family: 'Tahoma','sans-serif';font-size: 8.5pt\">Copyright \u00a9 2014 GYEREKVIL\u00c1G Minden jog fenntartva<\/span>\r\n\r\n&nbsp;\r\n\r\n&nbsp;","type":"rich"}

GYEREKVILÁG

Hagymásy OrSi

<p align="center"><a href="https://gyerekvilag.cafeblog.hu/files/2014/10/dreamstimefree_267705.jpg"><img class="alignright size-thumbnail wp-image-1523" src="https://gyerekvilag.cafeblog.hu/files/2014/10/dreamstimefree_267705-150x150.jpg" alt="dreamstimefree_267705" width="150" height="150" /></a>PARTY</p>
<p align="center"><i>„Az első lépés, a meghívó… Ha a kiflis zacskóból a gyerekek által készített rajzos, kreatív alternatívát választjuk, azon túl, hogy szóba kerül az újrahasznosítás, lényeges időmegtakarításhoz jutunk, melyet végre saját magunkra fordíthatunk!”</i></p>
<p style="text-align: left" align="center">Hogy hallowenn ijesztő vendégseregéről, a pizsama party résztvevőiről vagy egész egyszerűen egy vasárnapi ebédről van szó, a lényegen nem változtat. <strong>A gyerekek imádnak ünnepelni, társaságban lenni és mindazt, ami az efféle összejövetelekkel jár.</strong></p>
<p style="text-align: left">Érdemes előkészülni ezekre a nem mindennapi alkalmakra!</p>
Ha bárki is arra gondolna, hogy mindennek súlyos anyagi vonzata lenne, jó hírem van, nem pénztárca függő a dolog. <strong>Az első lépés, a meghívó.</strong> Kulcsfontosságú, elárulja az összejövetel témáját, egyéb hasznos információk mellett, mint például, hely, idő stb. <strong>Ha a kiflis zacskóból a gyerekek által készített rajzos, kreatív alternatívát választjuk, azon túl, hogy szóba kerül az újrahasznosítás, lényeges időmegtakarításhoz jutunk, melyet végre saját magunkra fordíthatunk</strong>!

A vendégváró finomságok sem jelentenek problémát, a gyerekek ízlésvilága rendkívül egyszerű, a színek, a formák melyek egyedivé varázsolják a falatkákat. Hiszen ne feledkezzünk meg a finger food-ről, aprócska, praktikus és könnyen kivitelezhető.  A zöldség és a gyümölcs természetesen a két főszereplő ötletesen „leplezve”. Úgy gondolom, minden édesanya egyetért azzal, hogy <strong>egészséges, boldog gyerekeket szeretnénk felnevelni</strong>.

<strong>A dekoráció, szintén egy kreatív része a gyerekeknek szóló rendezvénynek</strong>. A legfontosabb hogy biztonságos legyen, félretéve a gyertyák romantikus hangulatát és egyéb balesetveszélyes kiegészítőket. El ne feledkezzünk egy- két tartalék maszkról hallowen, farsang idején, valaki mindig otthon felejti az aktuális kelléket.

Még egy apróság, <strong>egy kedves kis emlék, lehet az egy rajz, egy szimbolikus kis ajándék a vendégek részére</strong> - tortaformába rendezve akár asztaldíszként is helytálló lehet – az ünnepség végén mindenki magával viheti és saját otthonában felidézheti a kellemes, közösen eltöltött perceket.

Party? No problem, a mai anyukák mindenre fel vannak készülve!

&nbsp;

<span style="color: black;line-height: 115%;font-family: 'Tahoma','sans-serif';font-size: 8.5pt">Copyright © 2014 GYEREKVILÁG Minden jog fenntartva</span>

&nbsp;

&nbsp;
