{"version":"1.0","provider_name":"GYEREKVIL\u00c1G","provider_url":"https:\/\/gyerekvilag.cafeblog.hu","author_name":"Hagym\u00e1sy OrSi","author_url":"https:\/\/gyerekvilag.cafeblog.hu\/author\/hagymasy_orsi-2-2-2-2\/","title":"T\u00c1BORI UTICSOMAG","html":"<p style=\"text-align: center\"><img class=\"alignright size-thumbnail wp-image-848\" src=\"https:\/\/gyerekvilag.cafeblog.hu\/files\/2013\/07\/tabor-copia-150x150.jpg\" alt=\"tabor copia\" width=\"150\" height=\"150\" \/>\r\nT\u00c1BORI UTICSOMAG<\/p>\r\n<p align=\"center\"><i>\u201eElengedni, szeretni \u00e9s b\u00edzni benn\u00fck. A legjobb uticsomag kiscserk\u00e9szeink sz\u00e1m\u00e1ra!\u201d<\/i><\/p>\r\n\u00daj kalandok, \u00e9letre sz\u00f3l\u00f3 bar\u00e1ts\u00e1gok \u00e9s szem\u00e9lyes titkok. <strong>M\u00e9rf\u00f6ldk\u0151 a gyerekek \u00e9let\u00e9ben az els\u0151 t\u00e1boroz\u00e1s<\/strong>. Ki ne eml\u00e9kezne a legeslegels\u0151 sz\u00fcl\u0151k n\u00e9lk\u00fcl elt\u00f6lt\u00f6tt ny\u00e1ri t\u00e1borra!\r\n\r\nA legutols\u00f3 trendek szerint m\u00e1r <strong>3-5 \u00e9ves kor\u00fa gyermekek<\/strong> is r\u00e9szt vesznek ilyesf\u00e9le vak\u00e1ci\u00f3n. Lehet\u0151s\u00e9gem ny\u00edlt betekinteni az eff\u00e9le val\u00f3s\u00e1gba.\r\n\r\nA fogkr\u00e9m kupakja valahogy mindig valami rejt\u00e9lyes helyen landol. A viselt ruha c\u00edmk\u00e9je kiz\u00e1r\u00f3lag kifel\u00e9 mutat, m\u00e9g a sokadik gondos igaz\u00edt\u00e1s ut\u00e1n is a takar\u00f3 csak a f\u00e9ltett alv\u00f3 kabal\u00e1t meleg\u00edti. \u00cdratlan szab\u00e1ly, de a vizeskancs\u00f3 mindent el\u00e1raszt a poh\u00e1r kiv\u00e9tel\u00e9vel, m\u00e9g a p\u00e1ros zoknik messzir\u0151l sem ismerik egym\u00e1st.\r\n\r\nA napi programban r\u00e9sztvev\u0151 \u00e1llatok \u00e1rny\u00e9ka sokszorosa a lelkes kis tan\u00edtv\u00e1nyoknak, m\u00e9g a v\u00edzparti eszk\u00f6z\u00f6k elrejtik maguk mellett a k\u00e9k v\u00edzt\u00fck\u00f6r szerelmeseit. A legszebb az eg\u00e9sz t\u00f6rt\u00e9netben hogy <strong>szem\u00fck csillog, v\u00e1gynak az \u00f6n\u00e1ll\u00f3s\u00e1gra \u00e9s az emp\u00e1tia legmagasabb szintj\u00e9re jutnak az esti l\u00e1mpaolt\u00e1skor, mikor az \u00e9ppen s\u00edrdog\u00e1l\u00f3 t\u00e1sukat vigasztalj\u00e1k.<\/strong>\r\n\r\nL\u00e1tva mindezt megnyugszom, m\u00e9g kicsik a gyermekeim, milyen j\u00f3 is lesz majd nekik r\u00e9szt venni mindebben n\u00e9h\u00e1ny \u00e9v m\u00falva, mire kisfiam fel\u00e9m szegezi a v\u00e9gzetes k\u00e9rd\u00e9st:\u00a0 <i>\u201eAnya, \u00e9n mikor mehetek t\u00e1borba?\u201d.<\/i>\r\n\r\nNap, mint nap tan\u00edtgatjuk \u0151ket az \u00f6n\u00e1ll\u00f3s\u00e1gra, legyen az \u00f6lt\u00f6zk\u00f6d\u00e9s\u00fck, az asztaln\u00e1l val\u00f3 viselked\u00e9s vagy a t\u00e1rsas\u00e1gi \u00e9let velej\u00e1r\u00f3ja, c\u00e9lunk egy \u00e9s ugyanaz, felk\u00e9sz\u00edteni a gyermekeinket az \u00f6n\u00e1ll\u00f3s\u00e1gra, \u00e9pp csak arra nem gondolunk, hogy ez el\u0151bb-ut\u00f3bb val\u00f3ban bek\u00f6vetkezik.\r\n\r\n<strong>Elengedni, szeretni \u00e9s b\u00edzni benn\u00fck. A legjobb uticsomag\u00a0 kiscserk\u00e9szeink sz\u00e1m\u00e1ra!<\/strong>\r\n\r\n&nbsp;\r\n\r\n<span style=\"color: black;line-height: 115%;font-family: 'Tahoma','sans-serif';font-size: 8.5pt\">Copyright \u00a9 2014 GYEREKVIL\u00c1G Minden jog fenntartva<\/span>","type":"rich"}

GYEREKVILÁG

Hagymásy OrSi

TÁBORI UTICSOMAG

<p style="text-align: center"><img class="alignright size-thumbnail wp-image-848" src="https://gyerekvilag.cafeblog.hu/files/2013/07/tabor-copia-150x150.jpg" alt="tabor copia" width="150" height="150" />
TÁBORI UTICSOMAG</p>
<p align="center"><i>„Elengedni, szeretni és bízni bennük. A legjobb uticsomag kiscserkészeink számára!”</i></p>
Új kalandok, életre szóló barátságok és személyes titkok. <strong>Mérföldkő a gyerekek életében az első táborozás</strong>. Ki ne emlékezne a legeslegelső szülők nélkül eltöltött nyári táborra!

A legutolsó trendek szerint már <strong>3-5 éves korú gyermekek</strong> is részt vesznek ilyesféle vakáción. Lehetőségem nyílt betekinteni az efféle valóságba.

A fogkrém kupakja valahogy mindig valami rejtélyes helyen landol. A viselt ruha címkéje kizárólag kifelé mutat, még a sokadik gondos igazítás után is a takaró csak a féltett alvó kabalát melegíti. Íratlan szabály, de a vizeskancsó mindent eláraszt a pohár kivételével, még a páros zoknik messziről sem ismerik egymást.

A napi programban résztvevő állatok árnyéka sokszorosa a lelkes kis tanítványoknak, még a vízparti eszközök elrejtik maguk mellett a kék víztükör szerelmeseit. A legszebb az egész történetben hogy <strong>szemük csillog, vágynak az önállóságra és az empátia legmagasabb szintjére jutnak az esti lámpaoltáskor, mikor az éppen sírdogáló tásukat vigasztalják.</strong>

Látva mindezt megnyugszom, még kicsik a gyermekeim, milyen jó is lesz majd nekik részt venni mindebben néhány év múlva, mire kisfiam felém szegezi a végzetes kérdést:  <i>„Anya, én mikor mehetek táborba?”.</i>

Nap, mint nap tanítgatjuk őket az önállóságra, legyen az öltözködésük, az asztalnál való viselkedés vagy a társasági élet velejárója, célunk egy és ugyanaz, felkészíteni a gyermekeinket az önállóságra, épp csak arra nem gondolunk, hogy ez előbb-utóbb valóban bekövetkezik.

<strong>Elengedni, szeretni és bízni bennük. A legjobb uticsomag  kiscserkészeink számára!</strong>

&nbsp;

<span style="color: black;line-height: 115%;font-family: 'Tahoma','sans-serif';font-size: 8.5pt">Copyright © 2014 GYEREKVILÁG Minden jog fenntartva</span>
