{"version":"1.0","provider_name":"GYEREKVIL\u00c1G","provider_url":"https:\/\/gyerekvilag.cafeblog.hu","author_name":"Hagym\u00e1sy OrSi","author_url":"https:\/\/gyerekvilag.cafeblog.hu\/author\/hagymasy_orsi-2-2-2-2\/","title":"MIT \u00c9S HOGYAN?","html":"<p align=\"center\"><a href=\"https:\/\/gyerekvilag.cafeblog.hu\/files\/2014\/04\/dreamstimefree_195008.jpg\"><img class=\"alignright size-thumbnail wp-image-1285\" alt=\"dreamstimefree_195008\" src=\"https:\/\/gyerekvilag.cafeblog.hu\/files\/2014\/04\/dreamstimefree_195008-150x150.jpg\" width=\"150\" height=\"150\" \/><\/a>MIT \u00c9S HOGYAN?<\/p>\r\n<p align=\"center\"><i>Keresztel\u0151, esk\u00fcv\u0151, sz\u00fclet\u00e9snapi zs\u00far\u2026<b> <\/b>az alkalmi viseletek nagy dilemm\u00e1ja!<\/i><\/p>\r\nA j\u00f3 id\u0151 \u00e9rkez\u00e9s\u00e9vel ism\u00e9t bek\u00f6sz\u00f6n \u00e9let\u00fcnkbe \u00e9s gardr\u00f3bunkba, az<b> alkalmi viseletek nagy dilemm\u00e1ja<\/b>. \u00dajat vagy r\u00e9git, sz\u00edneset vagy egysz\u00edn\u0171t, nadr\u00e1got vagy szokny\u00e1t? A k\u00e9rd\u00e9sek v\u00e9get nem \u00e9rnek, \u00e9s ha m\u00e9gis siker\u00fclne meg\u00e1lmodni saj\u00e1t outfit\u00fcnket, akkor szembes\u00fcl\u00fcnk vele, hogy a csal\u00e1d t\u00f6bbi tagja m\u00e9g mindig megoldand\u00f3 kih\u00edv\u00e1st jelent.\r\n\r\nAz egym\u00e1st \u00e9r\u0151 tavaszi, ny\u00e1ri rendezv\u00e9nyek \u00e9vr\u0151l \u00e9vre \u00fajabb feledhetetlen pillanatokat hoznak \u00e9let\u00fcnkbe. Mind szakmai tapasztalatb\u00f3l, mind a gyerekzajos h\u00e9tk\u00f6znapokb\u00f3l j\u00f3l tudom, hogy <b>a trendismeret \u00e9s a val\u00f3s\u00e1g olykor egym\u00e1st\u00f3l messze kalandoznak<\/b>. A kifut\u00f3vil\u00e1g csod\u00e1it sok esetben lehetetlens\u00e9g gyermek t\u00e1rsas\u00e1gban viselni. A sz\u00edvesen \u00f6lben \u00fccs\u00f6rg\u0151k elk\u00e9pzelhetetlenn\u00e9 tesznek bizonyos fels\u0151r\u00e9szeket, a ruha alj\u00e1t \u00a0h\u00fazogat\u00f3 kis felfedez\u0151k sem k\u00f6nny\u00edtenek a helyzet\u00fcnk\u00f6n, \u00e9s akkor m\u00e9g nem esett sz\u00f3 az \u00f6r\u00f6kk\u00e9 szalad\u00f3 kistes\u00f3kr\u00f3l\u2026\r\n\r\nMindaz, amivel egy\u00e9niv\u00e9 var\u00e1zsolunk egy magazin lapjain fellelhet\u0151 outfitet, saj\u00e1t magunkb\u00f3l fed f\u00f6l valamit, gazdag\u00edtja \u00f6lt\u00f6zet\u00fcnket, kellemesebb\u00e9 teszi a viselt ruha \u00e9rz\u00e9s\u00e9t.\r\n\r\n<b>L\u00e1ssuk hogyan!<\/b> Miut\u00e1n a megh\u00edv\u00f3t alaposan \u00e1tolvastuk (helysz\u00edn, dresszk\u00f3d, a rendezv\u00e9ny id\u0151pontja) mer\u00edts\u00fcnk ihletet a term\u00e9szetb\u0151l!\u00a0 N\u00e9mi kreativit\u00e1ssal garant\u00e1lt a v\u00e9geredm\u00e9ny, messze minden mesterk\u00e9lt t\u00falz\u00e1st\u00f3l.\r\n\r\nA tenger sz\u00edne, a k\u00e9k ezer arca, tiszta, bizalomgerjeszt\u0151 \u00e9s szinte mindenkinek j\u00f3l \u00e1ll.\u00a0 A feh\u00e9r h\u0171s\u00e9ges t\u00e1rsa, a z\u00f6ld, a narancs \u00e9s a piros vid\u00e1m kieg\u00e9sz\u00edt\u0151je. A term\u00e9szet \u00e1rnyalatai. A s\u00e1rga ragyog\u00e1sa, a z\u00f6ld vitalit\u00e1sa, a barna, l\u00e1gy rejt\u00e9lyes t\u00f3nusai. Elegend\u0151 magunk el\u00e9 k\u00e9pzelni a sivatag m\u00e1moros k\u00e9p\u00e9t, egy vir\u00e1gos r\u00e9tet, vagy a szavanna kalandos vil\u00e1g\u00e1t. Az inspir\u00e1ci\u00f3 a term\u00e9szet, \u00f6r\u00f6k a divatban csak\u00fagy, mint a k\u00f6rnyezet\u00fcnkben.\r\n\r\n\u00c9s hogy<b> mit\u0151l lesz mindezek ut\u00e1n \u00fajszer\u0171 gyermekink megjelen\u00e9se<\/b>? Szem\u00e9lyis\u00e9g\u00fckt\u0151l \u00e9s az anya j\u00f3 \u00edzl\u00e9s\u00e9t\u0151l. \u00a0Ha m\u00e1r az \u00e9desany\u00e1k kreativit\u00e1s\u00e1r\u00f3l esik sz\u00f3, sosem a gyerekek azok, akik ragaszkodnak idej\u00e9t m\u00falt, merev szab\u00e1lyokhoz. <b>A csal\u00e1d tagjai \u00f6n\u00e1ll\u00f3, saj\u00e1t szem\u00e9lyis\u00e9ggel rendelkez\u0151 k\u00fcl\u00f6nb\u00f6z\u0151 kor\u00fa szem\u00e9lyek.<\/b> A mesterk\u00e9lt \u00f6ssze\u00f6lt\u00f6z\u00e9s sosem j\u00f3 megold\u00e1s az elegancia ter\u00e9n. A v\u00e9geredm\u00e9ny \u00e9pp hogy ellenkez\u0151!\r\n\r\nCsak k\u00f6nnyed\u00e9n, a divat egy kicsit mindenkinek sz\u00f3l, rajtunk \u00e1ll hogy mik\u00e9nt interpret\u00e1ljuk.\r\n\r\n&nbsp;\r\n\r\n\u00c9RDEKESS\u00c9G HASONL\u00d3 T\u00c9M\u00c1BAN\u00a0: <a href=\"https:\/\/gyerekvilag.cafeblog.hu\/2012\/04\/03\/a-legkisebbeknek-ruhatara-az-unnepek-alatt\/\">https:\/\/gyerekvilag.cafeblog.hu\/2012\/04\/03\/a-legkisebbeknek-ruhatara-az-unnepek-alatt\/<\/a>","type":"rich"}

GYEREKVILÁG

Hagymásy OrSi

MIT ÉS HOGYAN?

<p align="center"><a href="https://gyerekvilag.cafeblog.hu/files/2014/04/dreamstimefree_195008.jpg"><img class="alignright size-thumbnail wp-image-1285" alt="dreamstimefree_195008" src="https://gyerekvilag.cafeblog.hu/files/2014/04/dreamstimefree_195008-150x150.jpg" width="150" height="150" /></a>MIT ÉS HOGYAN?</p>
<p align="center"><i>Keresztelő, esküvő, születésnapi zsúr…<b> </b>az alkalmi viseletek nagy dilemmája!</i></p>
A jó idő érkezésével ismét beköszön életünkbe és gardróbunkba, az<b> alkalmi viseletek nagy dilemmája</b>. Újat vagy régit, színeset vagy egyszínűt, nadrágot vagy szoknyát? A kérdések véget nem érnek, és ha mégis sikerülne megálmodni saját outfitünket, akkor szembesülünk vele, hogy a család többi tagja még mindig megoldandó kihívást jelent.

Az egymást érő tavaszi, nyári rendezvények évről évre újabb feledhetetlen pillanatokat hoznak életünkbe. Mind szakmai tapasztalatból, mind a gyerekzajos hétköznapokból jól tudom, hogy <b>a trendismeret és a valóság olykor egymástól messze kalandoznak</b>. A kifutóvilág csodáit sok esetben lehetetlenség gyermek társaságban viselni. A szívesen ölben ücsörgők elképzelhetetlenné tesznek bizonyos felsőrészeket, a ruha alját  húzogató kis felfedezők sem könnyítenek a helyzetünkön, és akkor még nem esett szó az örökké szaladó kistesókról…

Mindaz, amivel egyénivé varázsolunk egy magazin lapjain fellelhető outfitet, saját magunkból fed föl valamit, gazdagítja öltözetünket, kellemesebbé teszi a viselt ruha érzését.

<b>Lássuk hogyan!</b> Miután a meghívót alaposan átolvastuk (helyszín, dresszkód, a rendezvény időpontja) merítsünk ihletet a természetből!  Némi kreativitással garantált a végeredmény, messze minden mesterkélt túlzástól.

A tenger színe, a kék ezer arca, tiszta, bizalomgerjesztő és szinte mindenkinek jól áll.  A fehér hűséges társa, a zöld, a narancs és a piros vidám kiegészítője. A természet árnyalatai. A sárga ragyogása, a zöld vitalitása, a barna, lágy rejtélyes tónusai. Elegendő magunk elé képzelni a sivatag mámoros képét, egy virágos rétet, vagy a szavanna kalandos világát. Az inspiráció a természet, örök a divatban csakúgy, mint a környezetünkben.

És hogy<b> mitől lesz mindezek után újszerű gyermekink megjelenése</b>? Személyiségüktől és az anya jó ízlésétől.  Ha már az édesanyák kreativitásáról esik szó, sosem a gyerekek azok, akik ragaszkodnak idejét múlt, merev szabályokhoz. <b>A család tagjai önálló, saját személyiséggel rendelkező különböző korú személyek.</b> A mesterkélt összeöltözés sosem jó megoldás az elegancia terén. A végeredmény épp hogy ellenkező!

Csak könnyedén, a divat egy kicsit mindenkinek szól, rajtunk áll hogy miként interpretáljuk.

&nbsp;

ÉRDEKESSÉG HASONLÓ TÉMÁBAN : <a href="https://gyerekvilag.cafeblog.hu/2012/04/03/a-legkisebbeknek-ruhatara-az-unnepek-alatt/">https://gyerekvilag.cafeblog.hu/2012/04/03/a-legkisebbeknek-ruhatara-az-unnepek-alatt/</a>
