{"version":"1.0","provider_name":"GYEREKVIL\u00c1G","provider_url":"https:\/\/gyerekvilag.cafeblog.hu","author_name":"Hagym\u00e1sy OrSi","author_url":"https:\/\/gyerekvilag.cafeblog.hu\/author\/hagymasy_orsi-2-2-2-2\/","title":"MINNIE LOVE","html":"<p align=\"center\"><a href=\"https:\/\/gyerekvilag.cafeblog.hu\/files\/2014\/03\/piros-minnie-egeres-hosszu-ujju-polo-1.jpg\"><img class=\"alignright size-thumbnail wp-image-1246\" src=\"https:\/\/gyerekvilag.cafeblog.hu\/files\/2014\/03\/piros-minnie-egeres-hosszu-ujju-polo-1-150x150.jpg\" alt=\"piros-minnie-egeres-hosszu-ujju-polo 1\" width=\"150\" height=\"150\" \/><\/a>MINNIE LOVE<\/p>\r\n<p align=\"center\"><i>\u201eA divat \u00e9s Minnie.<\/i> Viszonyuk szenved\u00e9lyes, megunhatatlan \u00e9s egyben \u00f6r\u00f6k. Igaz szerelem, valami olyasmi, amir\u0151l mindannyian \u00e1lmodozunk.\u201d<\/p>\r\nN\u00e9lk\u00fcl\u00f6zhetetlen magas sark\u00fa cip\u0151je, cs\u00e1b\u00edt\u00f3 tekintete, a kedves masni a feje tetej\u00e9n vagy esetleg az \u00f6r\u00f6kk\u00e9 trendi p\u00f6tty\u00f6s ruh\u00e1csk\u00e1ja? Vajon mi is az, ami kicsik \u00e9s nagyok p\u00e9ldak\u00e9p\u00e9v\u00e9, favoritj\u00e1v\u00e1 var\u00e1zsolta ezt a nem mindennapi kiseg\u00e9rk\u00e9t?\r\n\r\n<strong><em>\u00dagy gondoltam, szak\u00e9rt\u0151kh\u00f6z fordulok a t\u00e9m\u00e1t illet\u0151e<\/em><\/strong><strong><em>n. \u00cdme, \u00edgy l\u00e1tj\u00e1k 1 \u00e9s 6 \u00e9v k\u00f6z\u00f6tti gyerekek Minnie-t:<\/em><\/strong>\r\n\r\n\u201eA l\u00e1nyok kedvence, mindig f\u0151z\u0151csk\u00e9zik, vagy a bar\u00e1tn\u0151j\u00e9vel fecseg.\u201d\u201eMiki eg\u00e9r szerelme!\u201d Ahol a szavak m\u00e9g nem a kommunik\u00e1ci\u00f3 tudatos eszk\u00f6zei, ragyog\u00f3 kis szemp\u00e1r \u00e9s sz\u00e9les mosoly utal a d\u00f6ntetlen sikerre.\r\n\r\nFellelhet\u0151 \u00e9let\u00fcnk szinte minden ter\u00fclet\u00e9n, moziv\u00e1sznon, k\u00e9preg\u00e9nyek lapjain, konyhai eszk\u00f6z\u00f6k\u00f6n \u00e9s m\u00e9g a lak\u00e1skult\u00far\u00e1ban is. De hogyan is feledkezhetn\u00e9nk meg a divatr\u00f3l???\r\n\r\n<b><i>A divat \u00e9s Minnie.<\/i><\/b> Viszonyuk szenved\u00e9lyes, megunhatatlan \u00e9s egyben \u00f6r\u00f6k. Igaz szerelem, valami olyasmi, amir\u0151l mindannyian \u00e1lmodozunk. Az 1930-as \u00e9vek \u00f3ta, mikor is megsz\u00fcletett ez a csod\u00e1s kis kreat\u00fara, neves divattervez\u0151k m\u00fazs\u00e1ja volt sz\u00e1mtalan alkalommal. T\u00e1sk\u00e1k, p\u00e9nzt\u00e1rc\u00e1k, sapk\u00e1k, h\u00e1tizs\u00e1kok, feln\u0151tt \u00e9s gyermekruh\u00e1k f\u0151szerepl\u0151je.\r\n\r\nKisl\u00e1nyok listavezet\u0151je a Minnie-s ruha, p\u00f3l\u00f3, szoknya. A legkisebbek rajong\u00e1ssal viselik a vid\u00e1m\u00a0\u00a0zoknit, m\u00e9g az iskolapadok k\u00f6z\u00f6tt vid\u00e1ms\u00e1got var\u00e1zsol a nagyobbak mindennapjaiba k\u00fcl\u00f6nb\u00f6z\u0151 kieg\u00e9sz\u00edt\u0151k\u00f6n.\r\n\r\nA Ruha-sziget webshopj\u00e1ban <a href=\"http:\/\/www.ruha-sziget.hu\/\">http:\/\/www.ruha-sziget.hu\/<\/a> val\u00f3ban sz\u00ednes a k\u00edn\u00e1lat, \u00edme n\u00e9h\u00e1ny p\u00e9lda \u00a0mindazoknak, akiket mag\u00e1val ragadott a Minnie l\u00e1z:\r\n\r\n<a href=\"https:\/\/gyerekvilag.cafeblog.hu\/files\/2014\/03\/lila-minniemickey-hosszu-ujju-polo3.jpg\"><img class=\"size-full wp-image-1380 aligncenter\" src=\"https:\/\/gyerekvilag.cafeblog.hu\/files\/2014\/03\/lila-minniemickey-hosszu-ujju-polo3.jpg\" alt=\"lila-minniemickey-hosszu-ujju-polo[3]\" width=\"300\" height=\"300\" \/><\/a>\r\n\r\n<img class=\"size-full wp-image-1375 aligncenter\" src=\"https:\/\/gyerekvilag.cafeblog.hu\/files\/2014\/03\/sarga-minnie-egeres-body2.jpg\" alt=\"sarga-minnie-egeres-body[2]\" width=\"300\" height=\"300\" \/>\r\n\r\n<img class=\"size-full wp-image-1376 aligncenter\" src=\"https:\/\/gyerekvilag.cafeblog.hu\/files\/2014\/03\/minnie-szurke-pink-pizsama-1281.jpg\" alt=\"minnie-szurke-pink-pizsama-128[1]\" width=\"300\" height=\"300\" \/>\r\n\r\n&nbsp;\r\n\r\n<img class=\"size-full wp-image-1378 aligncenter\" src=\"https:\/\/gyerekvilag.cafeblog.hu\/files\/2014\/03\/piros-szivmintas-minnie-szoknya1.jpg\" alt=\"piros-szivmintas-minnie-szoknya[1]\" width=\"300\" height=\"300\" \/>\r\n\r\n&nbsp;\r\n\r\n&nbsp;\r\n\r\n<img class=\"size-full wp-image-1377 aligncenter\" src=\"https:\/\/gyerekvilag.cafeblog.hu\/files\/2014\/03\/rozsaszin-masnis-minnies-pulover1.jpg\" alt=\"rozsaszin-masnis-minnies-pulover[1]\" width=\"300\" height=\"300\" \/>\r\n\r\n&nbsp;\r\n<p style=\"text-align: center\"><a href=\"https:\/\/gyerekvilag.cafeblog.hu\/files\/2014\/03\/rozsaszin-szives-minnie-zokni-27-301.jpg\"><img class=\"size-full wp-image-1379\" src=\"https:\/\/gyerekvilag.cafeblog.hu\/files\/2014\/03\/rozsaszin-szives-minnie-zokni-27-301.jpg\" alt=\"rozsaszin-szives-minnie-zokni-27-30[1]\" width=\"300\" height=\"300\" \/><\/a><\/p>\r\nMiut\u00e1n csod\u00e1lattal besz\u00e9lhett\u00fcnk err\u0151l a nem mindennapi meseh\u0151sr\u0151l, ne feledj\u00fck, <b><i>ami a kisl\u00e1nyunknak j\u00f3l \u00e1ll, nem biztos, hogy a mi koroszt\u00e1lyunknak megfelel\u0151!<\/i><\/b> Amennyiben m\u00e9gis ragaszkodunk egy-egy Minnie kre\u00e1ci\u00f3hoz, mindenk\u00e9ppen valami eg\u00e9szen n\u0151ies outfitbe illessz\u00fcnk bele egy kis \u201eMinnie feeling\u201d-et. Lehet az a poschette (k\u00e9zben foghat\u00f3 kism\u00e9ret\u0171 t\u00e1ska k\u00f6ltem\u00e9ny) vagy a kark\u00f6t\u0151nk \u00e9ke, esetleg a farmer dekor\u00e1lt zsebe.\r\n\r\nSzem\u00e9ly szerint meghagyom ink\u00e1bb kisl\u00e1nyomnak a Minnie \u0151r\u00fcletet, m\u00e9g r\u00e9gre ny\u00fal\u00f3 eml\u00e9keim k\u00f6z\u00f6tt meg\u0151rz\u00f6m az els\u0151 r\u00f3zsasz\u00edn kist\u00e1sk\u00e1mat melyen a legend\u00e1s kiseg\u00e9r pomp\u00e1zott.\r\n\r\n&nbsp;\r\n\r\n&nbsp;\r\n\r\n&nbsp;\r\n\r\n&nbsp;","type":"rich"}

GYEREKVILÁG

Hagymásy OrSi

<p align="center"><a href="https://gyerekvilag.cafeblog.hu/files/2014/03/piros-minnie-egeres-hosszu-ujju-polo-1.jpg"><img class="alignright size-thumbnail wp-image-1246" src="https://gyerekvilag.cafeblog.hu/files/2014/03/piros-minnie-egeres-hosszu-ujju-polo-1-150x150.jpg" alt="piros-minnie-egeres-hosszu-ujju-polo 1" width="150" height="150" /></a>MINNIE LOVE</p>
<p align="center"><i>„A divat és Minnie.</i> Viszonyuk szenvedélyes, megunhatatlan és egyben örök. Igaz szerelem, valami olyasmi, amiről mindannyian álmodozunk.”</p>
Nélkülözhetetlen magas sarkú cipője, csábító tekintete, a kedves masni a feje tetején vagy esetleg az örökké trendi pöttyös ruhácskája? Vajon mi is az, ami kicsik és nagyok példaképévé, favoritjává varázsolta ezt a nem mindennapi kisegérkét?

<strong><em>Úgy gondoltam, szakértőkhöz fordulok a témát illetőe</em></strong><strong><em>n. Íme, így látják 1 és 6 év közötti gyerekek Minnie-t:</em></strong>

„A lányok kedvence, mindig főzőcskézik, vagy a barátnőjével fecseg.”„Miki egér szerelme!” Ahol a szavak még nem a kommunikáció tudatos eszközei, ragyogó kis szempár és széles mosoly utal a döntetlen sikerre.

Fellelhető életünk szinte minden területén, mozivásznon, képregények lapjain, konyhai eszközökön és még a lakáskultúrában is. De hogyan is feledkezhetnénk meg a divatról???

<b><i>A divat és Minnie.</i></b> Viszonyuk szenvedélyes, megunhatatlan és egyben örök. Igaz szerelem, valami olyasmi, amiről mindannyian álmodozunk. Az 1930-as évek óta, mikor is megszületett ez a csodás kis kreatúra, neves divattervezők múzsája volt számtalan alkalommal. Táskák, pénztárcák, sapkák, hátizsákok, felnőtt és gyermekruhák főszereplője.

Kislányok listavezetője a Minnie-s ruha, póló, szoknya. A legkisebbek rajongással viselik a vidám  zoknit, még az iskolapadok között vidámságot varázsol a nagyobbak mindennapjaiba különböző kiegészítőkön.

A Ruha-sziget webshopjában <a href="http://www.ruha-sziget.hu/">http://www.ruha-sziget.hu/</a> valóban színes a kínálat, íme néhány példa  mindazoknak, akiket magával ragadott a Minnie láz:

<a href="https://gyerekvilag.cafeblog.hu/files/2014/03/lila-minniemickey-hosszu-ujju-polo3.jpg"><img class="size-full wp-image-1380 aligncenter" src="https://gyerekvilag.cafeblog.hu/files/2014/03/lila-minniemickey-hosszu-ujju-polo3.jpg" alt="lila-minniemickey-hosszu-ujju-polo[3]" width="300" height="300" /></a>

<img class="size-full wp-image-1375 aligncenter" src="https://gyerekvilag.cafeblog.hu/files/2014/03/sarga-minnie-egeres-body2.jpg" alt="sarga-minnie-egeres-body[2]" width="300" height="300" />

<img class="size-full wp-image-1376 aligncenter" src="https://gyerekvilag.cafeblog.hu/files/2014/03/minnie-szurke-pink-pizsama-1281.jpg" alt="minnie-szurke-pink-pizsama-128[1]" width="300" height="300" />

&nbsp;

<img class="size-full wp-image-1378 aligncenter" src="https://gyerekvilag.cafeblog.hu/files/2014/03/piros-szivmintas-minnie-szoknya1.jpg" alt="piros-szivmintas-minnie-szoknya[1]" width="300" height="300" />

&nbsp;

&nbsp;

<img class="size-full wp-image-1377 aligncenter" src="https://gyerekvilag.cafeblog.hu/files/2014/03/rozsaszin-masnis-minnies-pulover1.jpg" alt="rozsaszin-masnis-minnies-pulover[1]" width="300" height="300" />

&nbsp;
<p style="text-align: center"><a href="https://gyerekvilag.cafeblog.hu/files/2014/03/rozsaszin-szives-minnie-zokni-27-301.jpg"><img class="size-full wp-image-1379" src="https://gyerekvilag.cafeblog.hu/files/2014/03/rozsaszin-szives-minnie-zokni-27-301.jpg" alt="rozsaszin-szives-minnie-zokni-27-30[1]" width="300" height="300" /></a></p>
Miután csodálattal beszélhettünk erről a nem mindennapi mesehősről, ne feledjük, <b><i>ami a kislányunknak jól áll, nem biztos, hogy a mi korosztályunknak megfelelő!</i></b> Amennyiben mégis ragaszkodunk egy-egy Minnie kreációhoz, mindenképpen valami egészen nőies outfitbe illesszünk bele egy kis „Minnie feeling”-et. Lehet az a poschette (kézben fogható kisméretű táska költemény) vagy a karkötőnk éke, esetleg a farmer dekorált zsebe.

Személy szerint meghagyom inkább kislányomnak a Minnie őrületet, még régre nyúló emlékeim között megőrzöm az első rózsaszín kistáskámat melyen a legendás kisegér pompázott.

&nbsp;

&nbsp;

&nbsp;

&nbsp;
