{"version":"1.0","provider_name":"GYEREKVIL\u00c1G","provider_url":"https:\/\/gyerekvilag.cafeblog.hu","author_name":"Hagym\u00e1sy OrSi","author_url":"https:\/\/gyerekvilag.cafeblog.hu\/author\/hagymasy_orsi-2-2-2-2\/","title":"T\u00dcKR\u00d6M, T\u00dcKR\u00d6M","html":"<p style=\"text-align: center\"><a href=\"https:\/\/gyerekvilag.cafeblog.hu\/files\/2013\/01\/blog.jpg\"><img class=\"alignright size-thumbnail wp-image-498\" src=\"https:\/\/gyerekvilag.cafeblog.hu\/files\/2013\/01\/blog-150x150.jpg\" alt=\"\" width=\"150\" height=\"150\" \/><\/a>T\u00dcKR\u00d6M, T\u00dcKR\u00d6M<\/p>\r\n<p align=\"center\"><em>\u201e\u2026 egy gyermekmagass\u00e1gba feltett t\u00fck\u00f6r, egy saj\u00e1t fogas, apr\u00f3 beruh\u00e1z\u00e1s a r\u00e9sz\u00fcnkr\u0151l, de a helyes ir\u00e1nyba terelgeti a kis felfedez\u0151inket nemt\u0151l f\u00fcggetlen\u00fcl napjaink k\u00fcl\u00f6nleges vil\u00e1g\u00e1ban.\u201d<\/em><\/p>\r\n\u201eAnya, te hi\u00fa vagy?\u201d\r\n\r\nHat\u00e1rtalan k\u00edv\u00e1ncsis\u00e1g, csillap\u00edthatatlan tud\u00e1sv\u00e1gy, szerte\u00e1gaz\u00f3 gondolatok jellemzik napjaink gyermekeit. Kort\u00f3l \u00e9s \u00e9rdekl\u0151d\u00e9si k\u00f6rt\u0151l f\u00fcgg\u0151en mindez m\u00e9g egy\u00e9b tulajdons\u00e1gokkal b\u0151v\u00fcl, de a l\u00e9nyegen nem v\u00e1ltoztat. A gyerekek mindent szeretn\u00e9nek tudni!\r\n\r\nMeglep\u0151 k\u00e9rd\u00e9sekkel tudj\u00e1k ostromolni sz\u00fcleiket a kis felfedez\u0151k, konkr\u00e9tan kisfiam a hi\u00fas\u00e1g t\u00fckr\u00e9t tartotta el\u00e9m a napokban. Hat\u00e1rt szabni a j\u00f3l \u00e1polts\u00e1g \u00e9s a hi\u00fas\u00e1g k\u00f6z\u00f6tt cseppet sem k\u00f6nny\u0171, teljesen egy\u00e9ni e fogalom interpret\u00e1ci\u00f3ja.\r\n\r\nA t\u00fck\u00f6rb\u0151l visszak\u00f6sz\u00f6n\u0151 k\u00e9p egy k\u00fcl\u00f6n\u00f6s dolog, els\u0151 r\u00e1n\u00e9z\u00e9sre val\u00f3sz\u00edn\u0171, hogy a kialvatlans\u00e1g fog szemet sz\u00farni, ezek az \u00e9vek err\u0151l sz\u00f3lnak, akinek kisgyermeke van, j\u00f3l tudja, de a m\u00e9lyebb jelent\u00e9s bels\u0151nkb\u0151l sugall. Azt\u00e1n ehhez t\u00e1rsul a divatpszichol\u00f3gia \u00e1ltal r\u00e9szletesen t\u00e1rgyalt sz\u00ednek, form\u00e1k, viselt textilek vil\u00e1ga. A legapr\u00f3bb r\u00e9szletek is fontos tulajdons\u00e1gainkat fedik fel. A hajunk sz\u00edne, az \u00e9kszerek, a napi smink\u00fcnk, s\u0151t m\u00e9g a cip\u0151nk sarka is \u00e1rulkod\u00f3 jel lehet. Olyan ez egy kicsit, mint a grafol\u00f3gia, egy al\u00e1\u00edr\u00e1s \u00e9s m\u00e1ris ak\u00e1r legm\u00e9lyebb titkaink ker\u00fclnek napf\u00e9nyre. A viselt ruh\u00e1k hatalma cseppet sem kisebb, legfeljebb kev\u00e9sb\u00e9 ismert.\r\n\r\nDe mindez m\u00e9g korai lenne egy \u00f6t \u00e9ves kisgyermeknek, teh\u00e1t a v\u00e1lasz sokkal ink\u00e1bb esszenci\u00e1lis. Marad a r\u00f6vid \u00e9s k\u00f6nnyen \u00e1tl\u00e1that\u00f3 verzi\u00f3, a hi\u00fas\u00e1g \u00e9let\u00fcnk r\u00e9sze, az id\u0151 el\u0151re haladt\u00e1val mindenki a saj\u00e1t m\u00e9rc\u00e9je szerint alak\u00edtgatja k\u00fclsej\u00e9t, \u00f6lt\u00f6zet\u00e9t. A l\u00e9nyeg hogy mi sz\u00fcl\u0151k j\u00f3 p\u00e9ld\u00e1t mutassunk, a t\u00f6bbi m\u00e1r a gyermek\u00fcnk egy\u00e9ni be\u00e1ll\u00edtotts\u00e1g\u00e1n \u00e1ll.\r\n\r\nEgy gyermekmagass\u00e1gba feltett t\u00fck\u00f6r, egy saj\u00e1t fogas, apr\u00f3 beruh\u00e1z\u00e1s a r\u00e9sz\u00fcnkr\u0151l, de a helyes ir\u00e1nyba terelgeti a kis felfedez\u0151inket nemt\u0151l f\u00fcggetlen\u00fcl napjaink k\u00fcl\u00f6nleges vil\u00e1g\u00e1ban.","type":"rich"}

GYEREKVILÁG

Hagymásy OrSi

TÜKRÖM, TÜKRÖM

<p style="text-align: center"><a href="https://gyerekvilag.cafeblog.hu/files/2013/01/blog.jpg"><img class="alignright size-thumbnail wp-image-498" src="https://gyerekvilag.cafeblog.hu/files/2013/01/blog-150x150.jpg" alt="" width="150" height="150" /></a>TÜKRÖM, TÜKRÖM</p>
<p align="center"><em>„… egy gyermekmagasságba feltett tükör, egy saját fogas, apró beruházás a részünkről, de a helyes irányba terelgeti a kis felfedezőinket nemtől függetlenül napjaink különleges világában.”</em></p>
„Anya, te hiú vagy?”

Határtalan kíváncsiság, csillapíthatatlan tudásvágy, szerteágazó gondolatok jellemzik napjaink gyermekeit. Kortól és érdeklődési körtől függően mindez még egyéb tulajdonságokkal bővül, de a lényegen nem változtat. A gyerekek mindent szeretnének tudni!

Meglepő kérdésekkel tudják ostromolni szüleiket a kis felfedezők, konkrétan kisfiam a hiúság tükrét tartotta elém a napokban. Határt szabni a jól ápoltság és a hiúság között cseppet sem könnyű, teljesen egyéni e fogalom interpretációja.

A tükörből visszaköszönő kép egy különös dolog, első ránézésre valószínű, hogy a kialvatlanság fog szemet szúrni, ezek az évek erről szólnak, akinek kisgyermeke van, jól tudja, de a mélyebb jelentés belsőnkből sugall. Aztán ehhez társul a divatpszichológia által részletesen tárgyalt színek, formák, viselt textilek világa. A legapróbb részletek is fontos tulajdonságainkat fedik fel. A hajunk színe, az ékszerek, a napi sminkünk, sőt még a cipőnk sarka is árulkodó jel lehet. Olyan ez egy kicsit, mint a grafológia, egy aláírás és máris akár legmélyebb titkaink kerülnek napfényre. A viselt ruhák hatalma cseppet sem kisebb, legfeljebb kevésbé ismert.

De mindez még korai lenne egy öt éves kisgyermeknek, tehát a válasz sokkal inkább esszenciális. Marad a rövid és könnyen átlátható verzió, a hiúság életünk része, az idő előre haladtával mindenki a saját mércéje szerint alakítgatja külsejét, öltözetét. A lényeg hogy mi szülők jó példát mutassunk, a többi már a gyermekünk egyéni beállítottságán áll.

Egy gyermekmagasságba feltett tükör, egy saját fogas, apró beruházás a részünkről, de a helyes irányba terelgeti a kis felfedezőinket nemtől függetlenül napjaink különleges világában.
